ors of 21508797?
3, 7169599
List the prime factors of 532605090.
2, 3, 5, 307, 57829
List the prime factors of 42926683.
17, 2525099
What are the prime factors of 201453710?
2, 5, 43, 431, 1087
What are the prime factors of 1449629919?
3, 37, 1451081
List the prime factors of 151911057.
3, 739, 68521
List the prime factors of 1586548412.
2, 19, 20875637
List the prime factors of 1892644429.
13, 29, 331, 523
List the prime factors of 30245567.
11, 17, 161741
List the prime factors of 733225840.
2, 5, 9165323
What are the prime factors of 288005386?
2, 2293, 62801
List the prime factors of 791088831.
3, 13, 520111
What are the prime factors of 18278538?
2, 3, 41, 67, 1109
List the prime factors of 2367307273.
17, 139253369
List the prime factors of 676340843.
676340843
List the prime factors of 1169570410.
2, 5, 463, 252607
List the prime factors of 81132226.
2, 7, 5795159
What are the prime factors of 293799103?
13, 137, 164963
List the prime factors of 474821957.
474821957
List the prime factors of 215582416.
2, 7, 67, 28729
List the prime factors of 409986300.
2, 3, 5, 79, 17299
List the prime factors of 90662102.
2, 3539, 12809
What are the prime factors of 332890259?
13, 317, 80779
List the prime factors of 266717859.
3, 88905953
List the prime factors of 19366686.
2, 3, 827, 1301
What are the prime factors of 549904815?
3, 5, 23, 29, 31, 197
List the prime factors of 65188846.
2, 17, 31, 127, 487
List the prime factors of 8577876.
2, 3, 47, 67, 227
What are the prime factors of 103807617?
3, 29, 241, 4951
What are the prime factors of 316613950?
2, 5, 17, 21911
What are the prime factors of 835759002?
2, 3, 13, 10714859
List the prime factors of 958891372.
2, 311, 770813
What are the prime factors of 58675114?
2, 941, 31177
List the prime factors of 317194651.
5711, 55541
List the prime factors of 50776639.
59, 101, 8521
List the prime factors of 59217828.
2, 3, 59, 83641
List the prime factors of 3789233110.
2, 5, 13, 59, 271, 1823
List the prime factors of 18980122.
2, 7, 31, 101, 433
What are the prime factors of 201904061?
29, 6962209
What are the prime factors of 15423991?
11, 19, 6709
What are the prime factors of 953842524?
2, 3, 79, 1006163
List the prime factors of 762772483.
11, 23, 3014911
List the prime factors of 936661369.
7, 139, 962653
What are the prime factors of 1317330166?
2, 37, 71, 157, 1597
What are the prime factors of 734783424?
2, 3, 79, 193, 251
What are the prime factors of 246968403?
3, 11, 19, 20731
What are the prime factors of 154999941?
3, 223, 443, 523
What are the prime factors of 3559604245?
5, 17, 41877697
List the prime factors of 213179383.
647, 329489
What are the prime factors of 49114632?
2, 3, 7, 17, 29, 593
List the prime factors of 81726840.
2, 3, 5, 13, 5821
What are the prime factors of 9626429?
9626429
List the prime factors of 298542184.
2, 37317773
What are the prime factors of 13312940?
2, 5, 107, 6221
What are the prime factors of 1444956930?
2, 3, 5, 37, 397, 1093
List the prime factors of 30627115.
5, 17, 79, 4561
What are the prime factors of 4903127810?
2, 5, 7, 23, 3045421
List the prime factors of 2758071551.
17, 347, 467549
List the prime factors of 1714076491.
1714076491
List the prime factors of 8459650.
2, 5, 71, 2383
List the prime factors of 20842448.
2, 11, 118423
List the prime factors of 104694342.
2, 3, 577, 30241
What are the prime factors of 1922006366?
2, 7, 17, 37, 101, 2161
What are the prime factors of 2654044754?
2, 19, 5623, 12421
List the prime factors of 622097502.
2, 3, 13, 29, 37, 7433
What are the prime factors of 7713196439?
13, 29, 409, 50023
List the prime factors of 65190283.
71, 918173
List the prime factors of 271368975.
3, 5, 367, 9859
List the prime factors of 418634364.
2, 3, 34886197
List the prime factors of 43984268.
2, 37, 297191
List the prime factors of 2377622825.
5, 9007, 10559
List the prime factors of 226966126.
2, 43, 71, 37171
List the prime factors of 43728417.
3, 367, 1471
List the prime factors of 145154000.
2, 5, 72577
List the prime factors of 161903030.
2, 5, 139, 269, 433
What are the prime factors of 634634856?
2, 3, 8814373
List the prime factors of 55325133.
3, 43, 47653
What are the prime factors of 1336918276?
2, 31, 827, 13037
List the prime factors of 1863759648.
2, 3, 19414163
List the prime factors of 1733914033.
229, 1237, 6121
What are the prime factors of 2706456755?
5, 29, 18665219
List the prime factors of 259223328.
2, 3, 7, 13, 157
List the prime factors of 52171986.
2, 3, 19, 29, 43, 367
What are the prime factors of 1241251295?
5, 383, 648173
What are the prime factors of 1508984042?
2, 17921, 42101
What are the prime factors of 2826523584?
2, 3, 4907159
What are the prime factors of 969952638?
2, 3, 647, 249859
List the prime factors of 147242103.
3, 49080701
List the prime factors of 20469277.
587, 34871
What are the prime factors of 630287183?
53, 73, 162907
What are the prime factors of 2873892321?
3, 319321369
List the prime factors of 122786652.
2, 3, 10232221
What are the prime factors of 878592395?
5, 19, 53, 211, 827
List the prime factors of 222208286.
2, 103, 1078681
What are the prime factors of 815177923?
7, 197, 591137
List the prime factors of 3008107521.
3, 1907, 175267
List the prime factors of 498209914.
2, 249104957
What are the prime factors of 2400013763?
7, 342859109
What are the prime factors of 1359435793?
71, 137, 139759
List the prime factors of 127935714.
2, 3, 37, 576287
List the prime factors of 38899286.
2, 19449643
List the prime factors of 507560156.
2, 41, 149, 20771
What are the prime factors of 118993028?
2, 7, 11, 211, 1831
What are the prime factors of 20191309?
23, 877883
What are the prime factors of 22121325?
3, 5, 98317
List the prime factors of 67420176.
2, 3, 23, 173, 353
List the prime factors of 148776551.
7, 11, 389, 4967
List the prime factors of 441310436.
2, 7, 53, 347, 857
List the prime factors of 4449158267.
97, 45867611
List the prime factors of 85682404.
2, 103, 207967
What are the prime factors of 31945932?
2, 3, 887387
List the prime factors of 20564306.
2, 7, 29, 50651
List the prime factors of 9726716.
2, 29, 71, 1181
List the prime factors of 917647349.
113, 8120773
List the prime factors of 39554151.
3, 7, 13, 144887
What are the prime factors of 8708533511?
19, 29, 15804961
What are the prime factors of 7806965?
5, 1561393
What are the prime factors of 16714?
2, 61, 137
What are the prime factors of 920431624?
2, 7, 59, 278581
List the prime factors of 70138698.
2, 3, 7, 173, 197
What are the prime factors of 63765010?
2, 5, 6376501
List the prime factors of 55962215.
5, 17, 658379
List the prime factors of 25134576.
2, 3, 523637
List the prime factors of 1587245363.
11, 144295033
List the prime factors of 62344490.
2, 5, 13, 23, 29, 719
List the prime factors of 128502893.
4909, 26177
What are the prime factors of 266713332?
2, 3, 67, 199, 1667
List the prime factors of 6476387234.
2, 19, 170431243
List the prime factors of 90272043.
3, 3343409
List the prime factors of 233230152.
2, 3, 9717923
List the prime factors of 1244901367.
1244901367
What are the prime factors of 110584811?
110584811
List the prime factors of 1616741239.
101, 457, 35027
What are the prime factors of 24792873?
3, 7, 23, 7333
What are the prime factors of 348701355?
3, 5, 109, 2633
What are the prime factors of 338421755?
5, 7, 1867, 5179
List the prime factors of 1103393726.
2, 19, 31, 936667
List the prime factors of 780249356.
2, 195062339
What are the prime factors of 693077188?
2, 283, 612259
List the prime factors of 366002.
2, 7, 13, 2011
List the prime factors of 80714968.
2, 991, 10181
What are the prime factors of 168128793?
3, 7, 17, 179, 877
List the prime factors of 92540828.
2, 31, 571, 1307
What are the prime factors of 3386462791?
29, 131, 891409
List the prime factors of 14401244.
2, 11, 13, 17, 1481
What are the prime factors of 65646774?
2, 3, 405227
List the prime factors of 432352930.
2, 5, 619, 69847
What are the prime factors of 6207431?
17, 47, 457
What are the prime factors of 120893670?
2, 3, 5, 1343263
List the prime factors of 34318414.
2, 13, 1013, 1303
What are the prime factors of 1098509643?
3, 7, 11, 19, 4391
List the prime factors of 58175870